0) is divided by t(r).
6
Let g be 1/2*-65*(-156)/195. Let s = g - -181. Calculate the remainder when s is divided by 30.
27
Let t(o) = -3*o**3 - 7*o**2 - 15*o + 21. Let s be t(-8). Suppose 24*r = -245 + s. What is the remainder when 78 is divided by r?
37
Suppose 2*j + 4 = 0, 0 = 2*f - 3*f - 4*j - 4. Suppose 7 + 405 = 4*c - 4*m, f*c - 5*m = 413. Calculate the remainder when c is divided by 8.
6
Let w(o) = 90*o + 3040. Calculate the remainder when 90 is divided by w(-33).
20
Let o(s) = 14*s**2 + 15*s - 95. Calculate the remainder when o(7) is divided by 10.
6
Let u be (2/6)/((-5)/(-195)). Suppose 0 = -o, 3*y + u*o - 12*o = 12. Calculate the remainder when 30 is divided by y.
2
Suppose -10057 = -72*f - 3001. What is the remainder when f is divided by 23?
6
Suppose 2*y - 4*s - 18880 = 0, 0 = 1121*y - 1118*y - 4*s - 28338. What is the remainder when y is divided by 20?
18
Let l(h) = -36*h + 681. Calculate the remainder when l(-20) is divided by 352.
345
Let v be 8/(16/(-6))*1. Let q(c) = -21*c - 1. Let u be q(v). Let k = -12 + u. Calculate the remainder when k is divided by 14.
8
Suppose -3*s - 78 + 213 = 0. Let v(a) = -a**3 - 42*a**2 - 120*a + 15. Calculate the remainder when v(-39) is divided by s.
42
Suppose -25*h = -21*h - 20 - 172. Calculate the remainder when (-162 - (1 - 2))*-1 is divided by h.
17
Suppose -8 = -2*f + 5*l + 78, 4*f - 4*l - 196 = 0. Let i(k) = -413*k**2 + 1651*k + 15. Calculate the remainder when f is divided by i(4).
9
Suppose 19*m + 123 = 3448. Let x = 1 + m. Calculate the remainder when x is divided by 13.
7
Let s be -7 + 3 + 9 - 2*254. Let p = -471 - s. What is the remainder when p is divided by 11?
10
Suppose -16*o + 13 = -3*o. What is the remainder when (1/o)/(((-20)/(-298))/10) is divided by 19?
16
Let s be (-3 - 111/(-6))/(5/230). Suppose s - 41 = 28*m. Calculate the remainder when m is divided by 3.
0
Let n be ((-2)/14 - 1)*(-49)/14. Suppose -5*w = 4*x - 507, 390 = n*w + 4*x - 6*x. Suppose 0 = -b + 4*b - w. Calculate the remainder when b is divided by 12.
9
Let o(n) = n**2 + 123*n + 3514. Calculate the remainder when 687 is divided by o(-43).
21
Let l(j) = 3*j**2 - 10*j + 3. Let r be l(3). Suppose 1 = s - r*s - d, -3*d + 12 = 0. What is the remainder when 78 is divided by s?
3
Suppose -2*y + 16 = -2*d, -4*y - 10*d + 6*d = 8. Suppose 0 = y*n - 15*n + 4332. What is the remainder when n is divided by 14?
11
Suppose u - 4*m - 6885 = 0, 6880 = u - 20*m + 17*m. What is the remainder when u is divided by 4?
1
Suppose 42*p + 727 = -20*p + 2835. Calculate the remainder when 240 is divided by p.
2
Suppose 15 = -q - 233*a + 229*a, 3*a + 63 = 5*q. Calculate the remainder when 1970 is divided by q.
8
Let m = 0 + 11. Let g(x) be the third derivative of x**5/60 - x**4/24 - 5*x**3/2 + 10*x**2. Calculate the remainder when g(m) is divided by 32.
31
Suppose 120 - 316 = -s. Let m = -79 - -132. What is the remainder when m is divided by (176/(-40))/(-11) - s/(-10)?
13
Let b(j) = -j**2 - 1. Let f(o) = -23*o**2 + o - 3. Let m(a) = 6*b(a) - f(a). What is the remainder when m(5) is divided by 60?
57
Suppose 0 = 4*v + 3 + 5, -l = 2*v - 224. Let n = -126 + l. Suppose p = n - 1. What is the remainder when p is divided by 26?
23
Suppose -21*m + 2423 + 4969 + 1323 = 0. What is the remainder when m is divided by 166?
83
Suppose 3*g = 9, 3*n + 0*n + 4*g = 975. Let p = -61259 - -61278. What is the remainder when n is divided by p?
17
Let g be (-1 - -3) + 1/(1/(-2)). Suppose 3*y - 83 + 20 = g. What is the remainder when y is divided by 11?
10
Let s = 30 + -33. Let n = 18 + s. Let o = -56 + 108. Calculate the remainder when o is divided by n.
7
What is the remainder when ((-1)/11)/(162/(-1669734)) is divided by 67?
66
Suppose 9 = 2*o + 2*t - 9, 0 = -5*o - 4*t + 48. Calculate the remainder when 237 is divided by 135/o + (-36)/(-48).
9
Suppose -4*c = 4*j - 2260, 4*c + 555 = 5*c - 4*j. Calculate the remainder when c + 3/(-2)*4/(-6) is divided by 63.
60
Let k = 151 + -122. What is the remainder when 364 is divided by k?
16
What is the remainder when 2/9 - (-1029)/(-378) - (-9197)/34 is divided by 128?
12
Let t(h) = -42*h + 28. Let n be t(-14). Suppose -4*q + l + n - 204 = 0, -3*l = 4*q - 396. Calculate the remainder when q is divided by 36.
30
Let x be 3/(-5) - (23/(-5) - -1). Suppose x = -12*p + 13*p. Calculate the remainder when 73 is divided by (p + 10/(-3))/(1/(-45)).
13
Suppose 97*w - 81 + 108 - 318 = 0. Calculate the remainder when 1358 is divided by w.
2
Let s = 2470 + -2447. What is the remainder when s is divided by 2?
1
Suppose 778 - 1196 = -38*l. Calculate the remainder when 108 is divided by l.
9
Suppose -5*j + 2*o + 1655 - 312 = 0, -263 = -j - o. Calculate the remainder when 402 is divided by j.
135
Let h(n) = 388*n**2 + 203*n + 3. What is the remainder when 1311 is divided by h(-1)?
183
Let n = 39 - 26. Suppose -44*h = -45*h + 4. Suppose h*a = 652 - 460. Calculate the remainder when a is divided by n.
9
Let h(c) = 2*c**2 + 6*c + 4. Suppose 3*z - 4*d + 12 = 0, 7*z - 2*z + 20 = -4*d. Let r = 170041 - 169995. Calculate the remainder when r is divided by h(z).
10
Suppose -11057 + 12212 = 3*j. Calculate the remainder when j is divided by 57.
43
Let m = -10 - -49. Calculate the remainder when 1447 is divided by m.
4
Let w(a) = -2*a**2 - 74*a + 623. Suppose 0 = -3*f - f - 4, 5*j - 233 = 3*f. Calculate the remainder when j is divided by w(-44).
4
Suppose -3*l - 40 = 4*h - 386, 2*l + h - 229 = 0. Suppose 2*j - z = -2*z + 91, -3*z = -3*j + l. Calculate the remainder when 112 is divided by j.
26
Let j = 30783 + -30688. Calculate the remainder when 336 is divided by j.
51
Suppose 13 = -4*u + 49. Let r be (-88)/u + (-13)/(468/8). Let g(p) = -7*p - 19. What is the remainder when g(r) is divided by 26?
25
Suppose 3*h = -2*n - h + 60, -2*n + 5*h + 87 = 0. Let x be (1*7/(-14))/(2/n). Let t(b) = -b + 37. Calculate the remainder when t(x) is divided by 24.
22
Let m(z) = 25*z - 20. Let g be m(2). Let q = -15 + g. Calculate the remainder when q is divided by 2.
1
Suppose 18 = 11*h - 4. Suppose h*n = 4*o + 320, 2*n - 5*o = -2*n + 652. Suppose 8*z = z + n. What is the remainder when z is divided by 21?
3
Let m(u) = -u**3 - 22*u**2 + 99*u - 78. Calculate the remainder when 376 is divided by m(-26).
12
Suppose 3752 = 2*l + 3*p - 4*p, 0 = -5*p + 30. What is the remainder when l is divided by 13?
7
Suppose 67*m = 76*m - 432. Let y(u) = u**2 - 8*u + 8. What is the remainder when y(-7) is divided by m?
17
Let o = -776 - -1488. Suppose -92*j + 93*j - 54 = -4*p, 5*j + 53 = -p. Calculate the remainder when o is divided by p.
15
Let k = 15 + 7. Let v be 13 - (2 + 0 + 1). What is the remainder when -1 + ((-1562)/(-18) - v/(-45)) is divided by k?
20
Suppose 10 = -7*q + 171. What is the remainder when 42 is divided by q/(-4)*32/(-8)?
19
Suppose -5*s - 12*s = 2023. Let y = 142 + s. What is the remainder when 108 is divided by y?
16
Suppose -5*n - 148 = 4*z - 1766, n - 1219 = -3*z. What is the remainder when z is divided by 184?
39
Suppose 0 = 16*k - 12*k + 20. Calculate the remainder when ((-1)/(k/15))/1 - -66 is divided by 24.
21
Let p = -3384 - -4414. Calculate the remainder when 1042 is divided by p.
12
Let v = -83 + 89. Suppose 3*h = 5*q + 70, -2*q + v*q - 2*h + 56 = 0. Let k = q - -31. What is the remainder when 100 is divided by k?
15
Suppose 0 = 3*s + o - 3, -2*s + 21 = s - 5*o. Suppose 0*j = -3*j + s*v + 37, 5*j - 2*v - 59 = 0. What is the remainder when 21 is divided by j?
10
Let b be (-1 - -7) + (2 - -1016). Suppose r + b = 4*r + 4*j, -r + 2*j + 338 = 0. Calculate the remainder when r is divided by 38.
36
Let w be (-1)/(1/(-35)) - (62 + -57). Calculate the remainder when (3456/480)/(8/w) is divided by 9.
0
Let h = 94 + -85. Suppose -h*n = -726 - 147. Calculate the remainder when n is divided by 11.
9
Let s = -73877 + 74061. What is the remainder when s is divided by (-1 - 35)/(-2) + -1?
14
Let d be (1 - 79/5) + (-48)/240. Let r(w) = w - 4. Let j be r(4). Calculate the remainder when 34 is divided by j + 2/5 - 99/d.
6
Suppose -4*j = -2*x + 2924 - 682, 0 = 12*x - 5*j - 13566. What is the remainder when x is divided by 15?
8
Suppose 0 = -160*y + 154*y - 1578. Let g = -239 - y. Calculate the remainder when g is divided by 2.
0
Let m be -4*(-2)/((-40)/(-75)). Suppose